se
Does 50 divide 17540700?
True
Is 2258720 a multiple of 6?
False
Is 20 a factor of 956660?
True
Is 1091474 a multiple of 244?
False
Is 198864 a multiple of 36?
True
Is 1217 a factor of 1873875?
False
Does 164 divide 466983?
False
Is 19 a factor of 99051?
False
Is 9 a factor of 24516?
True
Is 1474248 a multiple of 183?
True
Does 549 divide 679662?
True
Does 53 divide 17914?
True
Is 1781 a factor of 20207486?
False
Is 14 a factor of 59340?
False
Does 95 divide 70775?
True
Does 24 divide 998016?
True
Does 9 divide 13186809?
True
Is 728560 a multiple of 368?
False
Is 35063 a multiple of 2?
False
Does 11 divide 40855?
False
Is 1025 a factor of 3665400?
True
Is 2750 a multiple of 2?
True
Is 6280803 a multiple of 11?
False
Is 81 a factor of 262116?
True
Is 46 a factor of 98256?
True
Is 6124348 a multiple of 57?
False
Does 1058 divide 13851721?
False
Is 92565 a multiple of 204?
False
Is 23460 a multiple of 26?
False
Is 1040 a factor of 2111837?
False
Is 1616272 a multiple of 28?
True
Is 198 a factor of 20962?
False
Is 83682 a multiple of 2?
True
Is 682 a factor of 1212596?
True
Does 77 divide 1285900?
True
Does 24 divide 209448?
True
Is 2684608 a multiple of 64?
True
Is 174987 a multiple of 12?
False
Is 574182 a multiple of 217?
True
Is 6 a factor of 1263449?
False
Does 917 divide 1750842?
False
Is 783033 a multiple of 9?
False
Is 10 a factor of 554300?
True
Is 11360388 a multiple of 37?
False
Is 3138962 a multiple of 38?
False
Does 267 divide 31221?
False
Is 33 a factor of 12331473?
True
Is 22324 a multiple of 81?
False
Is 5321250 a multiple of 86?
True
Is 2111450 a multiple of 25?
True
Does 43 divide 2675331?
True
Is 192 a factor of 171815?
False
Does 106 divide 135714?
False
Is 11859 a multiple of 6?
False
Does 39 divide 3604263?
True
Is 13 a factor of 122535?
False
Is 68 a factor of 187136?
True
Does 68 divide 1433304?
True
Is 167156 a multiple of 27?
False
Is 114 a factor of 7282089?
False
Is 65026 a multiple of 193?
False
Does 5 divide 101170?
True
Does 56 divide 75112?
False
Does 8 divide 26481?
False
Does 39 divide 3932732?
False
Does 23 divide 209040?
False
Does 48 divide 58032?
True
Does 15 divide 5954790?
True
Is 111 a factor of 61383?
True
Is 51 a factor of 197115?
True
Is 139 a factor of 682907?
True
Is 37 a factor of 495710?
False
Does 13 divide 58487?
True
Does 12 divide 1010820?
True
Is 10203 even?
False
Is 1113308 a multiple of 543?
False
Is 35 a factor of 175735?
True
Does 10 divide 21310?
True
Does 5 divide 125627?
False
Is 31018 a multiple of 11?
False
Is 56 a factor of 3986300?
False
Is 10493367 a multiple of 291?
False
Is 19 a factor of 474753?
True
Is 31 a factor of 1008323?
False
Is 15 a factor of 70635?
True
Is 117711 a multiple of 36?
False
Is 15 a factor of 658083?
False
Is 65 a factor of 215670?
True
Does 344 divide 363875?
False
Is 256593 a multiple of 906?
False
Is 197443 a multiple of 569?
True
Is 9 a factor of 678885?
False
Is 93 a factor of 734421?
True
Is 13 a factor of 153309?
True
Is 238 a factor of 715179?
False
Is 8 a factor of 11552?
True
Is 630960 a multiple of 240?
True
Is 150602 a multiple of 7?
False
Does 149 divide 310692?
False
Is 207 a factor of 976137?
False
Does 22 divide 193387?
False
Is 299 a factor of 727168?
True
Does 23 divide 556209?
True
Does 16 divide 3316592?
True
Is 655691 a multiple of 505?
False
Is 150072 a multiple of 39?
True
Is 4 a factor of 5424?
True
Is 195156 a multiple of 346?
False
Does 17 divide 1030422?
False
Does 33 divide 3834221?
False
Does 3 divide 20976?
True
Does 11 divide 5534309?
True
Is 65 a factor of 206753?
False
Does 23 divide 1617044?
False
Is 14057904 a multiple of 516?
True
Is 5469171 a multiple of 13?
False
Does 5 divide 329528?
False
Is 23642779 a multiple of 13?
False
Is 599191 even?
False
Does 203 divide 322337?
False
Is 13144 a multiple of 101?
False
Is 15 a factor of 95593?
False
Does 13 divide 623259?
True
Is 3 a factor of 53562?
True
Is 136011 a multiple of 536?
False
Does 172 divide 100792?
True
Does 5 divide 840390?
True
Does 276 divide 7554?
False
Is 75 a factor of 224175?
True
Is 133 a factor of 2708944?
True
Is 1958438 a multiple of 43?
False
Does 36 divide 2364336?
True
Is 61 a factor of 20984?
True
Is 101 a factor of 5748314?
True
Is 71568 a multiple of 426?
True
Does 394 divide 7486?
True
Is 566141 a multiple of 41?
False
Does 55 divide 5874275?
True
Is 31704 a multiple of 4?
True
Does 22 divide 18657056?
True
Is 12117 a multiple of 7?
True
Does 78 divide 4436640?
True
Does 41 divide 488730?
False
Is 441 a factor of 29988?
True
Is 268 a factor of 7088?
False
Does 98 divide 4050416?
False
Is 79236 a multiple of 9?
True
Is 12 a factor of 4759260?
True
Is 502 a factor of 9657978?
True
Is 11 a factor of 31205?
False
Does 62 divide 5208?
True
Does 14 divide 97762?
True
Is 3851724 a multiple of 717?
True
Is 269273 a multiple of 72?
False
Is 877499 a multiple of 7?
True
Is 262165 a multiple of 5?
True
Is 126 a factor of 259686?
True
Is 7 a factor of 661484?
False
Does 22 divide 16162?
False
Is 52982 a multiple of 59?
True
Is 201790 a multiple of 7?
False
Does 24 divide 93792?
True
Is 30 a factor of 420404?
False
Does 30 divide 1250310?
True
Is 28 a factor of 215768?
True
Does 70 divide 820651?
False
Is 45 a factor of 1750995?
True
Does 270 divide 872370?
True
Does 110 divide 99400?
False
Is 73693 a multiple of 3?
False
Does 63 divide 57092?
False
Does 13 divide 182936?
True
Does 514 divide 2874802?
True
Is 345092 a multiple of 23?
True
Does 121 divide 252986?
False
Is 62 a factor of 942090?
True
Does 80 divide 3095962?
False
Is 105 a factor of 4228439?
False
Is 212765 a multiple of 5?
True
Is 225 a factor of 19627200?
True
Does 685 divide 121245?
True
Is 9 a factor of 4372867?
False
Is 79 a factor of 25414458?
True
Does 9 divide 148887?
True
Is 82 a factor of 1552096?
True
Is 250 a factor of 5994500?
True
Is 77 a factor of 108836?
False
Does 112 divide 1642451?
False
Is 1841268 a multiple of 39?
True
Does 211 divide 892031?
False
Is 286722 a multiple of 306?
True
Is 161231 a multiple of 110?
False
Is 22 a factor of 1170862?
True
Does 469 divide 5394061?
False
Is 263 a factor of 19199?
True
Is 659342 a multiple of 494?
False
Does 7 divide 311425?
False
Is 1039 a factor of 1959554?
True
Is 29233558 a multiple of 31?
True
Is 49 a factor of 1180802?
True
Does 9 divide 14122908?
True
Is 21 a factor of 469657?
False
Is 2 a factor of 137782?
True
Is 18050 a multiple of 8?
False
Does 3 divide 264767?
False
Does 176 divide 1241680?
True
Is 27882 a multiple of 35?
False
Is 29 a factor of 641735?
False
Does 673 divide 11969305?
True
Is 32 a factor of 480214?
False
Is 10 a factor of 46110?
True
Is 250425 a multiple of 675?
True
Is 3516035 a multiple of 84?
False
Is 9 a factor of 298826?
False
Is 46 a factor of 3725394?
False
Does 673 divide 3030519?
True
Does 23 divide 1960415?
False
Does 27 divide 30456?
True
Is 205183 a multiple of 23?
True
Is 78 a factor of 520804?
False
Is 620726 a multiple of 72?
False
Is 269 a multiple of 19?
False
Does 12 divide 457810?
False
Is 22 a factor of 1570008?
True
Does 3 divide 190463?
False
Is 17 a factor of 16783798?
False
Does 8 divide 3112432?
True
Is 1995209 a multiple of 6?
False
Is 5 a factor of 19531?
False
Is 27260466 a multiple of 179?
False
Does 30 divide 93540?
True
Is 45 a factor of 147645?
True
Does 478 divide 420640?
True
Is 125 a factor of 22846125?
True
Is 170 a factor of 197030?
True
Is 200 a factor of 346600?
True
Is 47195 a multiple of 5?
True
Does 33 divide 289278?
True
Does 183 divide 22326?
True
Is 849856 a multiple of 299?
False
Is 152 a factor of 8250728?
False
Is 16 a factor of 660911?
False
Is 650 a factor of 5662688?
False
Is 280531 a multiple of 402?
False
Does 4 divide 33123?
False
Is 83 a factor of 626650?
True
Does 5 divide 2845?
True
Is 163 a factor of 898782?
True
Is 133 a factor of 128722?
False
Is 514475 a multiple of 182?
False
Is 174 a factor of 195588?
False
Does 54 divide 2210367?
False
Is 9 a factor of 10530?
True
Does 86 divide 2318130?
True
Is 1853 even?
False
Is 16320 a multiple of 16?
True
Does 198 divide 344718?
True
Is 14 a factor of 360318?
True
Does 34 divide 60860?
True
Is 5789025 a multiple of 11?
True
Does 24 divide 66536?
False
Is 65 a factor of 428025?
True
Does 15 divide 27697